{"id":66,"date":"2016-05-16T11:57:24","date_gmt":"2016-05-16T11:57:24","guid":{"rendered":"http:\/\/wp.scholl-ulm.de\/?page_id=66"},"modified":"2019-12-25T15:35:18","modified_gmt":"2019-12-25T13:35:18","slug":"buesche-vion","status":"publish","type":"page","link":"http:\/\/www.scholl-ulm.de\/?page_id=66","title":{"rendered":"B\u00fcsche &#8211; Vion"},"content":{"rendered":"<div class=\"csRow\">\n<div class=\"csColumnGap\" style=\"margin: 0px; padding: 0px; float: left; width: 1.56%;\"><img decoding=\"async\" src=\"http:\/\/wp.scholl-ulm.de\/wp-content\/plugins\/advanced-wp-columns\/assets\/js\/plugins\/views\/img\/1x1-pixel.png\" \/><\/div>\n<div class=\"csColumn\" style=\"margin: 0px; padding: 0px; float: left; width: 47.7%;\" data-csstartpoint=\"15\" data-csendpoint=\"472.5\" data-cswidth=\"47.7%\" data-csid=\"fcd66125-906f-2d29-a06f-b8cd97e4b5af\">\n<h2><span style=\"color: #339966;\">Download \u00a0 \u00a0 \u00a0 \u00a0<\/span><\/h2>\n<h3><span style=\"color: #339966;\">Click auf Katalog<\/span><\/h3>\n<p><a href=\"http:\/\/www.buesche.de\/vion\/\" target=\"_blank\" rel=\"noopener noreferrer\"><img decoding=\"async\" loading=\"lazy\" class=\"alignleft wp-image-322 size-medium\" src=\"http:\/\/www.scholl-ulm.de\/wp-content\/uploads\/2019\/12\/VION-Katalog-123x300.jpg\" alt=\"\" width=\"123\" height=\"300\" srcset=\"http:\/\/www.scholl-ulm.de\/wp-content\/uploads\/2019\/12\/VION-Katalog-123x300.jpg 123w, http:\/\/www.scholl-ulm.de\/wp-content\/uploads\/2019\/12\/VION-Katalog.jpg 126w\" sizes=\"(max-width: 123px) 100vw, 123px\" \/><\/a><\/p>\n<\/div>\n<div class=\"csColumnGap\" style=\"margin: 0px; padding: 0px; float: left; width: 1.56%;\"><img decoding=\"async\" src=\"http:\/\/wp.scholl-ulm.de\/wp-content\/plugins\/advanced-wp-columns\/assets\/js\/plugins\/views\/img\/1x1-pixel.png\" \/><\/div>\n<div class=\"csColumn\" style=\"margin: 0px; padding: 0px; float: left; width: 47.7%;\" data-csstartpoint=\"487.5\" data-csendpoint=\"945\" data-cswidth=\"47.7%\" data-csid=\"f5dd19f4-a7c9-a4a9-8849-f2b49761da04\">\n<h2><strong>B\u00fcsche &#8211; Vion<\/strong><\/h2>\n<h3>Hier finden Sie &#8222;Made in Germany&#8220; mit excellentem Preis-Leistungsverh\u00e4ltnis<\/h3>\n<p>Hochwertige Materialien wie Edelstahl, Aluminium und Messing werden zu Garnituren f\u00fcr anspruchsvolle Kunden gefertigt.<\/p>\n<p><span style=\"color: #000000;\">wie z. B. Rundrohre und Profile in 10,\u00a016,\u00a020,\u00a0und\u00a028 mm aus edlen Werkstoffe wie Edelstahl,\u00a0Messing und\u00a0Aluminium,\u00a0<\/span><\/p>\n<h1><span style=\"color: #ff0000;\"><img decoding=\"async\" loading=\"lazy\" class=\"\" src=\"http:\/\/scholl-ulm.de\/uploads\/scholl\/Buesche\/MusterplatteVion.jpg\" alt=\"\" width=\"233\" height=\"259\" \/><\/span><\/h1>\n<\/div>\n<div class=\"csColumnGap\" style=\"margin: 0px; padding: 0px; float: left; width: 1.56%;\"><img decoding=\"async\" src=\"http:\/\/wp.scholl-ulm.de\/wp-content\/plugins\/advanced-wp-columns\/assets\/js\/plugins\/views\/img\/1x1-pixel.png\" \/><\/div>\n<div style=\"clear: both; float: none; display: block; visibility: hidden; width: 0px; font-size: 0px; line-height: 0;\"><\/div>\n<\/div>\n<p>&nbsp;<\/p>\n<p>&nbsp;<\/p>\n","protected":false},"excerpt":{"rendered":"<p>Download \u00a0 \u00a0 \u00a0 \u00a0 Click auf Katalog B\u00fcsche &#8211; Vion Hier finden Sie &#8222;Made in Germany&#8220; mit excellentem Preis-Leistungsverh\u00e4ltnis Hochwertige Materialien wie Edelstahl, Aluminium und Messing werden zu Garnituren f\u00fcr anspruchsvolle Kunden gefertigt. wie z. B. Rundrohre und Profile in 10,\u00a016,\u00a020,\u00a0und\u00a028 mm aus edlen Werkstoffe wie Edelstahl,\u00a0Messing und\u00a0Aluminium,\u00a0 &nbsp; &nbsp;<\/p>\n","protected":false},"author":1,"featured_media":0,"parent":0,"menu_order":0,"comment_status":"closed","ping_status":"closed","template":"","meta":[],"_links":{"self":[{"href":"http:\/\/www.scholl-ulm.de\/index.php?rest_route=\/wp\/v2\/pages\/66"}],"collection":[{"href":"http:\/\/www.scholl-ulm.de\/index.php?rest_route=\/wp\/v2\/pages"}],"about":[{"href":"http:\/\/www.scholl-ulm.de\/index.php?rest_route=\/wp\/v2\/types\/page"}],"author":[{"embeddable":true,"href":"http:\/\/www.scholl-ulm.de\/index.php?rest_route=\/wp\/v2\/users\/1"}],"replies":[{"embeddable":true,"href":"http:\/\/www.scholl-ulm.de\/index.php?rest_route=%2Fwp%2Fv2%2Fcomments&post=66"}],"version-history":[{"count":11,"href":"http:\/\/www.scholl-ulm.de\/index.php?rest_route=\/wp\/v2\/pages\/66\/revisions"}],"predecessor-version":[{"id":331,"href":"http:\/\/www.scholl-ulm.de\/index.php?rest_route=\/wp\/v2\/pages\/66\/revisions\/331"}],"wp:attachment":[{"href":"http:\/\/www.scholl-ulm.de\/index.php?rest_route=%2Fwp%2Fv2%2Fmedia&parent=66"}],"curies":[{"name":"wp","href":"https:\/\/api.w.org\/{rel}","templated":true}]}}